 4*m - 200, -4*t = 5*m - 160. What is the remainder when 199 is divided by t?
39
Let h = -11 - -41. Suppose 3*t + h = 8*t. Calculate the remainder when 23 is divided by t.
5
Let a be 0*(-3 + 21/6). Suppose 4*i + 141 - 341 = a. Calculate the remainder when i is divided by 17.
16
Suppose 0 = -4*h + 7*v - 2*v + 192, h = 3*v + 48. Suppose -2*p - p = -h. Calculate the remainder when p is divided by 6.
4
Let x(j) = -j**2 - 9*j - 5. Calculate the remainder when 10 is divided by x(-8).
1
Let o be 4*-1*25/10. Let y = 0 - o. Calculate the remainder when 39 is divided by y.
9
Suppose 6*v - 4*v - 102 = 0. What is the remainder when v is divided by 18?
15
Let u(g) = -3*g - 33. What is the remainder when u(-14) is divided by 5?
4
Suppose 4*b + 4*s - 40 = 0, 2*b - 4*s - 27 = s. What is the remainder when b is divided by 3?
2
Let n(c) = -c**2 - c. Let l(k) = -4*k**2 + 2*k + 2. Let x(f) = -l(f) - 3*n(f). Calculate the remainder when x(-2) is divided by (-2)/(-1)*-2 - -17.
11
Let f(d) = -14*d - 1. Let y(a) = -a - 1. Let w(b) = -23*b - 5. Let p(t) = w(t) - 4*y(t). What is the remainder when p(-2) is divided by f(-1)?
11
Suppose 3*f - 2*v = -86, 4*f - 6*f - 4*v = 52. Let b = 43 + f. Calculate the remainder when 27 is divided by b.
12
Let k(p) = -2*p**2 - 14*p + 2. What is the remainder when 26 is divided by k(-6)?
12
Let g(d) = -3*d + 4. Let s be 3*2*(-74)/(-6). Suppose s = -t + 3*t. Calculate the remainder when t is divided by g(-3).
11
Suppose 3*u - u = 18. Let i = -3 - -20. Calculate the remainder when i is divided by u.
8
Let i be ((-3)/3 - -2) + 2. Let f(b) = 3*b + 4. What is the remainder when 48 is divided by f(i)?
9
Let h = 4 - 0. Let z = -10 + 19. What is the remainder when (5 + -1)/(h/26) is divided by z?
8
Suppose 0 = 4*j - 85 - 15. What is the remainder when 122 is divided by j?
22
Let s be -1 + -1 - (-46 - 0). Let h = -29 + s. What is the remainder when ((-10)/h)/((-2)/57) is divided by 10?
9
Let c(r) = -2*r**2 - 2*r - 2. Let x(m) = 3*m**2 + m + 3. Let z(g) = 4*c(g) + 3*x(g). Let b be z(3). What is the remainder when b*6*(-16)/10 is divided by 17?
14
What is the remainder when (-6)/12 - 87/(-2) is divided by 11?
10
Suppose -3*m + x + 27 = 0, -x - 2*x + 23 = 4*m. Calculate the remainder when 30 is divided by m.
6
Suppose 2*k = 5*x + 18, -2*x + 4*x = 4*k - 20. Suppose -5*z = -10*z - 20. Calculate the remainder when 5 is divided by x + 2/z*-8.
1
Suppose -28 + 88 = -3*d. Let g = 12 + d. Calculate the remainder when 39/4 + (-2)/g is divided by 6.
4
Let f be (453/9)/((-3)/(-9)). Suppose 3*d + d - 153 = 5*j, -4*d + f = -3*j. Calculate the remainder when d is divided by 19.
18
Suppose 3*c - 6*c + 9 = 0. Calculate the remainder when 1/(-3) - (-32)/6 is divided by c.
2
Let f = 3 - 3. Suppose -4*t + 2*j + 104 = f, -4*t + 0*t - 4*j = -128. Suppose t = 4*l - 2*l. Calculate the remainder when 26 is divided by l.
12
Suppose -2*q = y - 13, q + 3 - 15 = -y. What is the remainder when 19 is divided by y?
8
Let d = 5 + 29. Calculate the remainder when 201 is divided by d.
31
Suppose -j + 4*j = -6. What is the remainder when 49 is divided by -1 + -3 + (-34)/j?
10
Let i be ((-24)/(-14))/(3/21). Suppose g + 5*b = -3*g + 51, 4*b - i = 0. What is the remainder when g is divided by 6?
3
Let y(x) = -8*x - 15. Calculate the remainder when 14 is divided by y(-3).
5
What is the remainder when 21 is divided by (-817)/(-95) - (-3)/(-5)?
5
Let u be (-3829)/(-28) + 2/8. Suppose 90 = 2*l - 0*l + 2*y, 3*l + 5*y - u = 0. Calculate the remainder when l is divided by 23.
21
Suppose -5*q + o = -0*o - 88, 2*o = 4. Calculate the remainder when q is divided by 12.
6
Calculate the remainder when (-1)/(-6) + 670/12 is divided by 19.
18
Suppose -4*l = 20, 2*o - 29 = l - 4. Calculate the remainder when 18 is divided by o.
8
Let m(f) = f - 9. Let a be m(13). Suppose -a*x + 230 = -46. What is the remainder when x is divided by 24?
21
Let d = 18 + -13. Let l(r) = -r**3 + r**2 - r + 14. Calculate the remainder when l(0) is divided by d.
4
Let m(y) = 3*y - 5 + 7 - 2*y. Let q be m(0). Suppose 4 = 2*c - q. Calculate the remainder when 4 is divided by c.
1
Let y be ((-20)/8)/(1/(-2)). Let t(x) = -4*x - 3*x**3 + 3*x + y + 4*x**3 - 5*x**2 - 1. Calculate the remainder when t(6) is divided by 18.
16
Suppose -4*l + 38 = -506. Calculate the remainder when l is divided by 35.
31
Let t = 4 + -6. Let z = -3 - t. What is the remainder when 28 + (0 - -2) + z is divided by 10?
9
Let u = -16 + -19. What is the remainder when 21 is divided by 14/u + (-32)/(-5)?
3
Suppose 3*x = 24 + 36. Let o = 36 - x. What is the remainder when 31 is divided by o?
15
Suppose 5*b - 3*k = -2*k - 90, -5*b = -3*k + 100. Calculate the remainder when 83 is divided by (b/4)/(1/(-4)).
15
Let b = 1 - 1. Suppose b = -4*p + 149 + 3. Calculate the remainder when p is divided by 13.
12
Let g(s) = s**2 - 14*s + 12. Let q be g(12). What is the remainder when -10*-2*(-9)/q is divided by 8?
7
Suppose c + 51 = -0*x + 4*x, 4*x - 66 = -2*c. What is the remainder when x is divided by 104/20 - 4/20?
4
Suppose 0 = x + 74 - 3. Let g = -158 - -42. Let k = x - g. What is the remainder when k is divided by 12?
9
Let h(n) = n**2 + 6*n - 1. Let y be h(-5). Calculate the remainder when (18 - 1) + (-3 - y) is divided by 7.
6
Let p = -3 - -6. Let h(a) = a**2 - 2*a - 2. Let s be h(-2). Let d(x) = 2*x - 5. What is the remainder when d(s) is divided by p?
1
Let x be (-1)/(-2) + (-3)/2. Let h(i) = -12*i**3 + i**2 - 1. What is the remainder when h(x) is divided by 1/(-1) - (-8 + 0)?
5
Suppose 5*o - 9 - 31 = 0. Let r(v) = -v**3 + 8*v**2 + 3. Let s be r(8). Let m = s + o. What is the remainder when 31 is divided by m?
9
Suppose l = -7 + 17. What is the remainder when 16 is divided by l?
6
Let n = -9 - -13. What is the remainder when n is divided by 1?
0
Let z = 26 + -62. Let g = z + 55. What is the remainder when g is divided by 6?
1
Let l(h) = -h**2 - 5*h + 3. Let v be l(-5). Suppose 0 = v*z - 3 + 6. Calculate the remainder when 26 is divided by 1 - ((-36)/3 + z).
12
Let a = -5 - -35. Calculate the remainder when a is divided by 4.
2
Let d(z) = z**3 - 4*z**2 - z - 7. Suppose 2*q - 4*x = 0, -1 - 14 = 5*q + 5*x. Let c be 3 - q/(-2) - -3. Calculate the remainder when d(c) is divided by 4.
1
Let h = 13 + 0. Suppose -6 = g + 2*g, 2*d - g + 96 = 0. Let m = d - -73. What is the remainder when m is divided by h?
11
Let k = -63 + 68. What is the remainder when k is divided by 2?
1
Let a = 3 - -1. Suppose a*n + 5*h = 70, 0 = 4*n - 2*h - 9 - 47. Calculate the remainder when 43 is divided by n.
13
Let t = -44 + 67. Calculate the remainder when 66 is divided by t.
20
Let w = -7 - -31. Suppose 2*x - 1 - 5 = 0. Suppose w = x*b - 36. Calculate the remainder when b is divided by 11.
9
Calculate the remainder when 313 is divided by 2/4 - -82*5/20.
19
Let r(l) = 5*l**2 + 4*l + 4. Let t be r(-2). Let o = 23 - t. Suppose -5*m + 32 = -28. Calculate the remainder when m is divided by o.
5
What is the remainder when (-15)/(-10)*40/6 is divided by 3?
1
Let t(l) = -l**3 - 5*l**2 + 3*l - 1. Let s be t(-6). Calculate the remainder when 12 is divided by 18/30 + s/5.
0
Let k = -21 + 24. Suppose 2*r = k*g - 65, 0 = -g - 2*g + 4*r + 67. Suppose 0 = -7*p + 3*p + 48. What is the remainder when g is divided by p?
9
Suppose 5 = 2*x - 17. What is the remainder when 54 is divided by x?
10
Suppose -b - 4*y = -23, -3*y + 7*y = -3*b + 85. Calculate the remainder when b is divided by 11.
9
Let y(x) = -x**3 - x**2 - 1. Let i be y(-2). Suppose -5*l = w - 4, -i*w - 3*l = -2*w - 4. Let h = 6 + 5. What is the remainder when h is divided by w?
3
Let k be 16/3 + 5/(-15). Let t(s) = -2 + 16*s - k*s + 3. What is the remainder when t(3) is divided by 12?
10
Calculate the remainder when 3*(-6 + 2)*(-26)/12 is divided by 7.
5
What is the remainder when 36 is divided by -2 + 13 + 5 + -3?
10
Suppose 5*y = -0*y + 25. Suppose -y*l + 85 = -k, 4*l - 7*k = -3*k + 84. What is the remainder when l is divided by 9?
7
Let w(p) = -p. Let r be w(-2). Suppose -s = -y + 13, 3*y - 45 = -r*s - 6. Suppose 5*o - 62 = y. Calculate the remainder when 28 is divided by o.
13
Let h(x) = x**3 + x + 11. Let g(i) = -i**2. Let s(w) = -4*w**2 + w + 31. Let u(m) = -5*g(m) + s(m). What is the remainder when u(0) is divided by h(0)?
9
Suppose 4 + 11 